highest common divisor of 36 and 708.
12
What is the greatest common factor of 260 and 585?
65
Calculate the highest common divisor of 3 and 4299.
3
Calculate the highest common divisor of 21 and 5523.
21
Calculate the greatest common divisor of 437 and 19.
19
Calculate the greatest common factor of 14 and 371.
7
Calculate the highest common factor of 1864 and 2097.
233
Calculate the greatest common divisor of 2035 and 33.
11
Calculate the highest common divisor of 140 and 28.
28
What is the greatest common divisor of 224 and 416?
32
What is the highest common divisor of 75 and 30?
15
Calculate the highest common divisor of 1274 and 104.
26
Calculate the highest common factor of 27 and 18171.
27
What is the greatest common factor of 711 and 1501?
79
Calculate the greatest common divisor of 111 and 6.
3
What is the greatest common divisor of 66 and 22?
22
Calculate the greatest common factor of 50 and 470.
10
What is the highest common divisor of 1736 and 56?
56
What is the greatest common divisor of 92 and 253?
23
Calculate the highest common factor of 11310 and 90.
30
What is the highest common factor of 1232 and 77?
77
What is the highest common factor of 74 and 259?
37
What is the highest common divisor of 546 and 1470?
42
What is the greatest common factor of 53 and 16801?
53
What is the greatest common factor of 8 and 5288?
8
What is the greatest common divisor of 224 and 128?
32
Calculate the highest common factor of 130 and 52.
26
Calculate the highest common divisor of 888 and 74.
74
Calculate the highest common factor of 124 and 2666.
62
What is the highest common divisor of 166 and 3403?
83
What is the highest common divisor of 3 and 501?
3
What is the greatest common factor of 126 and 72?
18
Calculate the highest common factor of 24 and 198.
6
Calculate the greatest common factor of 3 and 411.
3
Calculate the greatest common divisor of 686 and 1862.
98
Calculate the highest common divisor of 273 and 21.
21
What is the greatest common factor of 1890 and 70?
70
What is the highest common divisor of 2856 and 36?
12
What is the greatest common factor of 78 and 24?
6
What is the greatest common factor of 464 and 290?
58
What is the greatest common divisor of 4776 and 120?
24
Calculate the greatest common factor of 10496 and 123.
41
What is the greatest common divisor of 217 and 62?
31
What is the highest common divisor of 175 and 50?
25
Calculate the highest common divisor of 145 and 10.
5
Calculate the greatest common factor of 85 and 1564.
17
What is the highest common factor of 1040 and 160?
80
What is the greatest common divisor of 249 and 3818?
83
Calculate the highest common divisor of 959 and 1233.
137
What is the highest common divisor of 64 and 112?
16
Calculate the greatest common factor of 36 and 2250.
18
Calculate the greatest common divisor of 27 and 6.
3
What is the highest common factor of 368 and 16?
16
What is the greatest common factor of 592 and 37?
37
Calculate the greatest common factor of 12 and 744.
12
What is the highest common factor of 12848 and 73?
73
What is the highest common divisor of 405 and 6?
3
What is the highest common divisor of 550 and 50?
50
Calculate the greatest common factor of 6 and 1446.
6
What is the highest common divisor of 4527 and 18?
9
Calculate the greatest common factor of 242 and 440.
22
Calculate the greatest common divisor of 1679 and 73.
73
What is the greatest common divisor of 153 and 18?
9
Calculate the highest common factor of 490 and 1090.
10
What is the greatest common factor of 8954 and 111?
37
Calculate the greatest common divisor of 1377 and 72.
9
Calculate the greatest common divisor of 145 and 755.
5
What is the highest common divisor of 8 and 72?
8
Calculate the greatest common divisor of 9340 and 20.
20
What is the highest common divisor of 5058 and 6?
6
Calculate the greatest common divisor of 946 and 301.
43
Calculate the highest common divisor of 10 and 1090.
10
Calculate the highest common divisor of 28 and 2828.
28
What is the greatest common divisor of 20 and 620?
20
What is the greatest common factor of 396 and 243?
9
What is the highest common factor of 19 and 2071?
19
What is the highest common divisor of 1794 and 552?
138
What is the highest common factor of 7 and 154?
7
Calculate the greatest common divisor of 148 and 1850.
74
What is the highest common divisor of 185 and 333?
37
What is the greatest common factor of 121 and 165?
11
Calculate the greatest common factor of 22 and 418.
22
Calculate the highest common divisor of 43 and 473.
43
What is the greatest common divisor of 10265 and 5?
5
Calculate the highest common factor of 27 and 8073.
27
Calculate the highest common divisor of 486 and 918.
54
What is the highest common factor of 1325 and 159?
53
What is the greatest common factor of 38 and 2242?
38
Calculate the greatest common divisor of 1162 and 14.
14
Calculate the greatest common divisor of 483 and 69.
69
What is the highest common divisor of 8 and 568?
8
What is the highest common divisor of 76 and 64?
4
Calculate the greatest common divisor of 4744 and 24.
8
Calculate the greatest common divisor of 2 and 672.
2
Calculate the highest common divisor of 136 and 884.
68
Calculate the greatest common divisor of 738 and 6519.
123
Calculate the greatest common factor of 24 and 258.
6
Calculate the highest common divisor of 185 and 37.
37
What is the greatest common factor of 23 and 15640?
23
What is the greatest common divisor of 9444 and 24?
12
Calculate the highest common factor of 35 and 119.
7
Calculate the greatest common factor of 131 and 1703.
131
Calculate the highest common factor of 26 and 2899.
13
Calculate the greatest common divisor of 44 and 32.
4
What is the greatest common divisor of 1130 and 5?
5
Calculate the greatest common factor of 49 and 343.
49
What is the highest common factor of 64 and 5696?
64
What is the greatest common factor of 45 and 18?
9
Calculate the greatest common factor of 168 and 27048.
168
Calculate the greatest common factor of 520 and 195.
65
Calculate the highest common divisor of 731 and 289.
17
What is the highest common factor of 6 and 4926?
6
What is the highest common factor of 44 and 4972?
44
What is the highest common factor of 5480 and 160?
40
What is the highest common divisor of 3400 and 150?
50
Calculate the highest common divisor of 2400 and 864.
96
What is the highest common divisor of 835 and 4509?
167
Calculate the highest common factor of 1216 and 4.
4
What is the greatest common divisor of 60 and 8420?
20
Calculate the highest common factor of 55 and 1507.
11
What is the highest common divisor of 4 and 16?
4
Calculate the greatest common factor of 78132 and 12.
12
What is the highest common divisor of 414 and 54?
18
What is the highest common divisor of 88 and 704?
88
Calculate the highest common divisor of 6426 and 210.
42
What is the greatest common divisor of 65 and 715?
65
What is the highest common divisor of 1696 and 106?
106
Calculate the highest common divisor of 6354 and 36.
18
Calculate the highest common factor of 10016 and 24.
8
Calculate the greatest common divisor of 8835 and 10.
5
Calculate the highest common factor of 36 and 63.
9
Calculate the highest common divisor of 1208 and 8.
8
Calculate the highest common divisor of 92 and 1196.
92
What is the highest common factor of 570 and 2394?
114
Calculate the highest common factor of 85 and 25.
5
What is the highest common factor of 920 and 2645?
115
What is the greatest common divisor of 70 and 740?
10
What is the greatest common divisor of 9 and 25?
1
What is the greatest common divisor of 12672 and 72?
72
What is the highest common factor of 9398 and 762?
254
What is the highest common factor of 20 and 135?
5
What is the greatest common factor of 995 and 5?
5
Calculate the greatest common divisor of 129 and 903.
129
Calculate the greatest common factor of 27 and 18.
9
What is the highest common factor of 1456 and 26?
26
Calculate the greatest common divisor of 224 and 42.
14
What is the highest common factor of 689 and 559?
13
Calculate the greatest common divisor of 1520 and 19.
19
Calculate the highest common divisor of 484 and 6556.
44
What is the highest common factor of 56 and 2072?
56
What is the highest common divis